2/2 + 16*v. What is l(4)?
-7
Let u(t) be the first derivative of -t**2/2 - 3*t + 17. Determine u(-4).
1
Let d(h) = h**2 - 2. Let u be d(-2). Suppose -2*l + u = -l. Let a(j) = -4*j + 2. What is a(l)?
-6
Let l(o) = -6*o - 3 - 2 - 5*o**2 - o**3 + 1 + 0. Determine l(-4).
4
Let n = -4 + 8. Let k(g) = -3*g**3 - 2*g**3 - 32*g - 5*g**2 - 12 + 36*g. Let d(i) = i**3 + 1. Let z(u) = -6*d(u) - k(u). Calculate z(n).
6
Let n be (-20)/(-5) - (-4 + 9). Let i(h) = 5*h + 1. Give i(n).
-4
Let u(n) = -5*n - 9 + 3*n + n. Give u(0).
-9
Let h(s) = -s**3 - 5*s**2 - 4*s - 2. Let z(f) = 5*f**3 + 2*f**2 + 2*f + 1. Let v be z(-2). Let n be 2/(-7) - (-130)/v. What is h(n)?
-2
Let s(c) = 27*c**2 + 22*c**2 - 40*c**2 - 9*c - c**3. What is s(8)?
-8
Let a(r) be the first derivative of -2*r**3/3 + r**2 - 2*r - 1. Suppose 3*p + 90 = 5*p. Let f be 4/18 + 80/p. Determine a(f).
-6
Let m(y) = y + 8. Let p be m(-6). Let z(s) = 5*s - 3*s - 1 - 14*s**2 + 0*s**p + 0. Calculate z(1).
-13
Suppose 0 = 3*b - 14 - 1. Let c(n) = n**2 - 8*n + 7. Let p be c(6). Let x = b + p. Let w(h) = -h. Give w(x).
0
Let d be -6 + 7 + 1/1. Let b(u) = -6*u**3 + 4*u**2 - 3*u**d + u + 0*u**2. Determine b(-1).
6
Let x be -3 + (-7)/(21/(-6)). Let k be (4/6)/(4/36). Let d = k + x. Let t(v) = v**2 - 6*v - 3. Calculate t(d).
-8
Suppose -3*d - d - 16 = 0. Let y = d - -2. Let v be -2*y/12*-3. Let h(r) = -3*r**3 + 1. What is h(v)?
4
Let r(u) be the second derivative of u**4/12 - u**3/6 + u**2 + 15*u. Let j be 2/4*0/3. Calculate r(j).
2
Suppose 0 = f - g + 10, 4*g = 11 + 9. Suppose 4*h + 8 - 24 = 0. Let x(y) = y + 6 - 2*y**2 - h*y + y**2. What is x(f)?
-4
Let t = 9 + -13. Let x(f) be the first derivative of -2 - f + 5/2*f**2 + 1/3*f**3. What is x(t)?
-5
Let o(g) = -1 + 7*g - 5*g + 0*g. Determine o(-1).
-3
Suppose d - 5*w = -9*w - 17, 0 = -5*d - 4*w - 37. Let f(k) be the first derivative of 0*k**2 - 5*k + 1 - 1/4*k**4 - 5/3*k**3. Give f(d).
-5
Let m(l) = l**2 + 0*l + 0*l + l + l - 1. Calculate m(2).
7
Let a(m) = 6*m**3 - 5*m**3 + 2*m - 7*m**2 - 3 - 11*m + 1. Determine a(8).
-10
Let d(h) = -2*h + 3*h**2 + 2 - 2 + h**3 - 8 + 7. Calculate d(-3).
5
Let z(d) = -5*d**3 - 2*d**2 - 6*d - 6. Let f(t) = 6*t**3 + 3*t**2 + 7*t + 7. Let q(k) = 4*f(k) + 5*z(k). Calculate q(2).
-6
Let n(w) = -2*w**2 - w - 2. Let c(z) = -1. Let o(y) = -3*c(y) + n(y). Calculate o(1).
-2
Let j be (2/(-5))/(2/(-30)). Suppose k - j = -2*k. Let m(c) = 2*c + c - 3 - k*c. Determine m(-3).
-6
Let t(a) = 6 - 1 - 4 - 4*a + 0. What is t(-1)?
5
Let x = 187 + -192. Let g(t) = t - 2. Determine g(x).
-7
Let d(u) = -8*u**2 + 1 - 3 + 9*u**2. Calculate d(0).
-2
Let k(o) = -2 + 0 + o**2 - 2 - o + 5*o. Give k(-6).
8
Let l(k) = -k**3 - k. Suppose 6 = -4*p - 2. Let r be 63/14*(-4)/6. Let j = p - r. Give l(j).
-2
Let l(g) be the first derivative of g**4/12 - g**3/3 - 3*g**2 - 1. Let t(k) be the second derivative of l(k). Calculate t(2).
2
Let g = 13 + -9. Let b(h) = g - 11*h + 4*h**2 + 5*h - 2 + h**3. Give b(-5).
7
Let c(b) = b**2 - b + 1. Let m be (-8)/(-20)*5 + 1. Determine c(m).
7
Let m = 14 + -12. Suppose -n - n + m = 0. Let f(y) = -y**2 + y - 1. Determine f(n).
-1
Let q(u) = -9*u**3 + 2*u**2 + 2*u + 1. Let l be q(-1). Let n be (-1)/((-12)/l + 1). Let c(x) = -4*x + 7. Give c(n).
-13
Suppose -5*o + 3*h + 39 = 0, o = -4*h - 4 - 2. Let l(d) = d. What is l(o)?
6
Let o(n) be the third derivative of -n**4/24 + n**3/3 - 4*n**2. Determine o(4).
-2
Let w(h) = 26*h + 4*h**2 + 2 - 58*h + 34*h - 1. Give w(-1).
3
Let g(v) = v**2 - 5*v - 2. Let z be (25 - 24)*(1 - -4). Give g(z).
-2
Let z(s) = s**2 - 7*s + 5. Let b(d) = -d**3 + 7*d**2 - 6*d + 5. Let t be 2/6*(17 - -1). Let g be b(t). Let k be g*(-3)/9*-3. What is z(k)?
-5
Let q(t) = t**3 + 3*t**2 + 2*t + 4. Suppose -l = -3*w - 4 - 1, 2*l = w - 5. Give q(w).
-2
Let b(y) = y - 5. Let j be b(5). Let d = -4 + j. Let k(l) be the second derivative of l**4/12 + l**3/2 - l**2/2 + 3*l. Give k(d).
3
Let a(n) be the third derivative of n**4/8 + n**3/6 + 27*n**2. Suppose -2*f - 1 = -5*l - 8, -3*f = -5*l - 3. Determine a(l).
-8
Suppose -3*l = -7*l + 4. Let x(t) = -12*t**2 + 2*t - 1. Determine x(l).
-11
Let o(i) = i**2 - 4*i - 7. Let c(l) be the second derivative of -l**4/6 + 4*l**3/3 + 13*l**2/2 - 3*l. Let w(j) = 3*c(j) + 5*o(j). Calculate w(5).
-1
Let y(t) be the first derivative of t**2/2 + t - 26. Calculate y(-2).
-1
Let d(w) = 1. Let y = -7 - -6. Let s(a) = -10*a + 6. Let h(o) = y*s(o) + 5*d(o). What is h(-1)?
-11
Let c = 15 + -11. Let b(r) = r**2 - 3. Give b(c).
13
Let g(r) = -r**3 - r + 1. Let o = 22 + -21. Determine g(o).
-1
Let i be (1 - 1)/(-20 - -24). Let b(h) = -3*h**2 + 4*h**2 + 0 + h - 1. What is b(i)?
-1
Let n(q) = -6*q**3 + q**2 + 4*q - 2. Let a(o) = -o**3. Let t(j) = 5*a(j) - n(j). Suppose c = -4*y + 15, 2*y + 2*c - 14 = -2. Give t(y).
8
Let d(u) = u**2 - 1. Let z(t) = 12*t**2 + 6. Let w(o) = -5*d(o) - z(o). What is w(-1)?
-18
Let p(w) = 8*w**3 - 2*w**2 + 1. Suppose o - 24 = 5*n, n = 5*o - 2*n - 10. What is p(o)?
-9
Let i(n) be the third derivative of -n**8/20160 + n**7/1260 + n**5/30 + 2*n**2. Let q(o) be the third derivative of i(o). Calculate q(5).
-5
Suppose 0 = g - 0 - 3, -4 = -u + 2*g. Suppose 5*x + 7 = -4*o, 3*x - 7*x = o + u. Let d(l) = 4*l - 2 + l - 4*l. Calculate d(o).
0
Let c(v) = v - 4. Let d(n) = 2*n**3 - 7*n**2 + 3*n + 3. Let k be d(3). Calculate c(k).
-1
Let n(x) be the first derivative of x**2/2 - 4*x + 50. Let o = 4 - 3. Let u(z) = -3*z**2 - z. Let q be u(o). Give n(q).
-8
Let h = 46 - 42. Let t(f) = 6*f**2 - 2*f + 5. Let x(o) = 17*o**2 - 7*o + 14. Let u(b) = 11*t(b) - 4*x(b). What is u(h)?
-9
Let u(c) be the third derivative of -c**4/6 + c**3/6 - 4*c**2. Give u(-1).
5
Let q(l) = -l**2 + 4*l - 3. Let t(b) = -b**3 + 12*b**2 - 11*b + 5. Let r be t(11). Suppose v - r = -0. Give q(v).
-8
Let y = 11 - 7. Suppose 3 = -v + y*v. Let j(l) = 3*l - 3*l - 3*l**2 - 1. Determine j(v).
-4
Let n = 23 - 11. Suppose b - 2*o = -n, 2*b + 2*o = -2*o + 16. Let z(p) = -2*p**3 - p**2 + p - 2. Calculate z(b).
8
Let d(o) = -o + 2. Let u = 7 + -15. Let j = u - -3. Determine d(j).
7
Let c(n) = 0*n**2 - n + 2*n**2 + 3*n + 1 - n**3 + n**2. Calculate c(4).
-7
Let m(l) = 6*l**2. Let p(w) = w**2. Let x(u) = -4*m(u) + 21*p(u). What is x(1)?
-3
Let k(z) = 2*z + 12. Let d be k(-6). Let a(m) = d*m - 2*m - 3 + 5 + m**2. What is a(2)?
2
Let b(q) = 2*q. Let l(c) = -6*c. Suppose 4*j - 5*j = -4, -2*z + 6 = 4*j. Let u = z - -3. Let d(g) = u*l(g) - 7*b(g). Calculate d(2).
-4
Let d = 9 - 14. Let b(h) = h**3 + 6*h**2 + 5*h - 1. Calculate b(d).
-1
Let y(r) = -2*r**3 - 15*r**2 - 3*r + 14. Let m(z) = -3*z**3 - 22*z**2 - 4*z + 21. Let d(v) = 5*m(v) - 7*y(v). Let q = 1 - 6. Give d(q).
2
Suppose -y + 0*y = -2. Suppose -6*z + 20 = -y*z. Let o(v) = -2 - 2*v**2 + 4*v + 1 + v**2 - 1. Determine o(z).
-7
Let y(s) = s. Let m(x) = 2*x**2 - 4*x - 1. Let a(h) = -m(h) - 5*y(h). What is a(2)?
-9
Let u(y) = -9*y + 3. Suppose 0 = a - 4 - 1. Let p(b) = -8*b + 3. Let q be 2/5 + 44/(-10). Let w(l) = a*p(l) + q*u(l). Determine w(2).
-5
Let f(k) = -1 + k + 101*k**2 + 2*k**3 - 101*k**2. Let p be 1 + 0/(1 + 2). What is f(p)?
2
Let h(x) = -x. Let p be 6 + -8 - (-1 + -4). Suppose -29 - 45 = -2*i - p*n, 5*i + 2*n = 196. Suppose 7 = j - 2*r, -2*j + i = -7*j - 5*r. Calculate h(j).
3
Let d(l) = l**3 + 5*l**2 + 6*l + 3. Let n = -30 - -26. What is d(n)?
-5
Let q(v) = 13*v - 1. Let o = 6 - 7. Give q(o).
-14
Let g(v) = v - 4. Suppose 0 = -q - 2*q + 9. Let k be g(q). Let s(z) = -3*z**3 - 1. Give s(k).
2
Let j(b) = 12*b + 5 - 5*b**2 - 3*b + 8*b**2 - 2*b**2. Determine j(-6).
-13
Let p be ((-1)/2)/((-1)/(-10)). Let z(m) be the second derivative of -m**5/20 - m**4/3 + m**3 + m**2/2 - 5*m. Calculate z(p).
-4
Let u(l) = -9*l**2 + 2*l - 1. Let o(y) = -10*y**2 + 4*y - 1. Let q(g) = -2*o(g) + 3*u(g). Calculate q(-1).
-6
Let a(d) = -10*d + 14. Let r(n) = -n + 1. Let v(c) = a(c) - 6*r(c). What is v(7)?
-20
Let w(h) = h**2 - h - 1. Let z(f) = -f**2 - f. Let v(m) = w(m) + 2*z(m). Calculate v(-2).
1
Let m(r) be the second derivative of r**5/20 + 5*r**4/12 - r**3/6 - 35*r. Let t = 5 + -10. Give m(t).
5
Let m(u) = -8*u + 7. Let k(g) = -9*g + 8. Let z(i) = 5*k(i) - 6*m(i). What is z(-3)?
-11
Let t(p) = p - 7. Let c(g) = 1. Let j(k) = 6*c(k) + t(k). Let s be j(3). Let m(r) = 3*r**2 + r**2 + 1 - r + r**s - r**3 